{"id":5299,"date":"2025-01-06T22:29:17","date_gmt":"2025-01-06T22:29:17","guid":{"rendered":"https:\/\/espacioescolar.cl\/?post_type=product&#038;p=5299"},"modified":"2025-01-06T22:31:11","modified_gmt":"2025-01-06T22:31:11","slug":"lapices-12-colores-largos-acuarelables-hexagonales-sacapunta-faber-castell","status":"publish","type":"product","link":"https:\/\/espacioescolar.cl\/es\/producto\/lapices-12-colores-largos-acuarelables-hexagonales-sacapunta-faber-castell\/","title":{"rendered":"Lapices 12 Colores Largos Acuarelables Hexagonales + Sacapunta Faber Castell"},"content":{"rendered":"<div class=\"vtex-flex-layout-0-x-flexColChild vtex-flex-layout-0-x-flexColChild--right-col pb0\">\n<div id=\"id-5nl2l3\" class=\"vtex-disclosure-layout-1-x-content vtex-disclosure-layout-1-x-content--disclosurePdp vtex-disclosure-layout-1-x-content--visible vtex-disclosure-layout-1-x-content--disclosurePdp--visible\">\n<div class=\"vtex-store-components-3-x-productDescriptionContainer\">\n<div class=\"vtex-store-components-3-x-productDescriptionText c-muted-1\">\n<div class=\"vtex-flex-layout-0-x-flexColChild vtex-flex-layout-0-x-flexColChild--right-col pb0\">\n<div id=\"id-5jar99\" class=\"vtex-disclosure-layout-1-x-content vtex-disclosure-layout-1-x-content--disclosurePdp vtex-disclosure-layout-1-x-content--visible vtex-disclosure-layout-1-x-content--disclosurePdp--visible\">\n<div class=\"vtex-store-components-3-x-productDescriptionContainer\">\n<div class=\"vtex-store-components-3-x-productDescriptionText c-muted-1\">\n<div class=\"vtex-flex-layout-0-x-flexColChild vtex-flex-layout-0-x-flexColChild--right-col pb0\">\n<div id=\"id-imppp1\" class=\"vtex-disclosure-layout-1-x-content vtex-disclosure-layout-1-x-content--disclosurePdp vtex-disclosure-layout-1-x-content--visible vtex-disclosure-layout-1-x-content--disclosurePdp--visible\">\n<div class=\"vtex-store-components-3-x-productDescriptionContainer\">\n<div class=\"vtex-store-components-3-x-productDescriptionText c-muted-1\">Set de 12 l\u00e1pices de colores acuarelables + saca punta Faber-Castell. Colores intensos y vers\u00e1tiles para tus obras de arte. Su dise\u00f1o largo permite un manejo c\u00f3modo y preciso. Puedes mezclarlos con agua para obtener efectos acuarelables. Ideal para artistas y entusiastas de la pintura. \u00a1Explora tu creatividad con estos l\u00e1pices de colores acuarelables de alta calidad!<\/div>\n<\/div>\n<\/div>\n<\/div>\n<\/div>\n<\/div>\n<\/div>\n<\/div>\n<div class=\"vtex-flex-layout-0-x-flexColChild vtex-flex-layout-0-x-flexColChild--right-col pb0\">\n<div class=\"vtex-disclosure-layout-1-x-trigger vtex-disclosure-layout-1-x-trigger--disclosurePdp vtex-disclosure-layout-1-x-trigger--hidden vtex-disclosure-layout-1-x-trigger--disclosurePdp--hidden\" tabindex=\"0\" role=\"button\" aria-expanded=\"false\" aria-controls=\"id-arqv26\">\n<div class=\"vtex-rich-text-0-x-container vtex-rich-text-0-x-container--tituloDisclosure flex tl items-start justify-start t-body c-on-base\">\n<div class=\"vtex-rich-text-0-x-wrapper vtex-rich-text-0-x-wrapper--tituloDisclosure\"><\/div>\n<\/div>\n<\/div>\n<\/div>\n<\/div>\n<\/div>\n<\/div>\n<\/div>\n<div class=\"vtex-flex-layout-0-x-flexColChild vtex-flex-layout-0-x-flexColChild--right-col pb0\">\n<div class=\"vtex-disclosure-layout-1-x-trigger vtex-disclosure-layout-1-x-trigger--disclosurePdp vtex-disclosure-layout-1-x-trigger--hidden vtex-disclosure-layout-1-x-trigger--disclosurePdp--hidden\" tabindex=\"0\" role=\"button\" aria-expanded=\"false\" aria-controls=\"id-2a8tjg\">\n<div class=\"vtex-rich-text-0-x-container vtex-rich-text-0-x-container--tituloDisclosure flex tl items-start justify-start t-body c-on-base\">\n<div class=\"vtex-rich-text-0-x-wrapper vtex-rich-text-0-x-wrapper--tituloDisclosure\"><\/div>\n<\/div>\n<\/div>\n<\/div>\n","protected":false},"excerpt":{"rendered":"<ul>\n<li>L\u00e1pices de Colores Acuarelables<\/li>\n<li>12 Colores<\/li>\n<li>Faber Castell<\/li>\n<\/ul>\n","protected":false},"featured_media":5300,"comment_status":"open","ping_status":"closed","template":"","meta":[],"product_brand":[],"product_cat":[190,201],"product_tag":[314],"class_list":{"0":"post-5299","1":"product","2":"type-product","3":"status-publish","4":"has-post-thumbnail","6":"product_cat-escritura","7":"product_cat-lapices-de-colores","8":"product_tag-lapices-de-colores","10":"first","11":"instock","12":"taxable","13":"shipping-taxable","14":"purchasable","15":"product-type-simple"},"_links":{"self":[{"href":"https:\/\/espacioescolar.cl\/es\/wp-json\/wp\/v2\/product\/5299","targetHints":{"allow":["GET"]}}],"collection":[{"href":"https:\/\/espacioescolar.cl\/es\/wp-json\/wp\/v2\/product"}],"about":[{"href":"https:\/\/espacioescolar.cl\/es\/wp-json\/wp\/v2\/types\/product"}],"replies":[{"embeddable":true,"href":"https:\/\/espacioescolar.cl\/es\/wp-json\/wp\/v2\/comments?post=5299"}],"wp:featuredmedia":[{"embeddable":true,"href":"https:\/\/espacioescolar.cl\/es\/wp-json\/wp\/v2\/media\/5300"}],"wp:attachment":[{"href":"https:\/\/espacioescolar.cl\/es\/wp-json\/wp\/v2\/media?parent=5299"}],"wp:term":[{"taxonomy":"product_brand","embeddable":true,"href":"https:\/\/espacioescolar.cl\/es\/wp-json\/wp\/v2\/product_brand?post=5299"},{"taxonomy":"product_cat","embeddable":true,"href":"https:\/\/espacioescolar.cl\/es\/wp-json\/wp\/v2\/product_cat?post=5299"},{"taxonomy":"product_tag","embeddable":true,"href":"https:\/\/espacioescolar.cl\/es\/wp-json\/wp\/v2\/product_tag?post=5299"}],"curies":[{"name":"wp","href":"https:\/\/api.w.org\/{rel}","templated":true}]}}

<div class="vtex-flex-layout-0-x-flexColChild vtex-flex-layout-0-x-flexColChild--right-col pb0">
<div id="id-5nl2l3" class="vtex-disclosure-layout-1-x-content vtex-disclosure-layout-1-x-content--disclosurePdp vtex-disclosure-layout-1-x-content--visible vtex-disclosure-layout-1-x-content--disclosurePdp--visible">
<div class="vtex-store-components-3-x-productDescriptionContainer">
<div class="vtex-store-components-3-x-productDescriptionText c-muted-1">
<div class="vtex-flex-layout-0-x-flexColChild vtex-flex-layout-0-x-flexColChild--right-col pb0">
<div id="id-5jar99" class="vtex-disclosure-layout-1-x-content vtex-disclosure-layout-1-x-content--disclosurePdp vtex-disclosure-layout-1-x-content--visible vtex-disclosure-layout-1-x-content--disclosurePdp--visible">
<div class="vtex-store-components-3-x-productDescriptionContainer">
<div class="vtex-store-components-3-x-productDescriptionText c-muted-1">
<div class="vtex-flex-layout-0-x-flexColChild vtex-flex-layout-0-x-flexColChild--right-col pb0">
<div id="id-imppp1" class="vtex-disclosure-layout-1-x-content vtex-disclosure-layout-1-x-content--disclosurePdp vtex-disclosure-layout-1-x-content--visible vtex-disclosure-layout-1-x-content--disclosurePdp--visible">
<div class="vtex-store-components-3-x-productDescriptionContainer">
<div class="vtex-store-components-3-x-productDescriptionText c-muted-1">Set de 12 lápices de colores acuarelables + saca punta Faber-Castell. Colores intensos y versátiles para tus obras de arte. Su diseño largo permite un manejo cómodo y preciso. Puedes mezclarlos con agua para obtener efectos acuarelables. Ideal para artistas y entusiastas de la pintura. ¡Explora tu creatividad con estos lápices de colores acuarelables de alta calidad!</div>
</div>
</div>
</div>
</div>
</div>
</div>
</div>
<div class="vtex-flex-layout-0-x-flexColChild vtex-flex-layout-0-x-flexColChild--right-col pb0">
<div class="vtex-disclosure-layout-1-x-trigger vtex-disclosure-layout-1-x-trigger--disclosurePdp vtex-disclosure-layout-1-x-trigger--hidden vtex-disclosure-layout-1-x-trigger--disclosurePdp--hidden" tabindex="0" role="button" aria-expanded="false" aria-controls="id-arqv26">
<div class="vtex-rich-text-0-x-container vtex-rich-text-0-x-container--tituloDisclosure flex tl items-start justify-start t-body c-on-base">
<div class="vtex-rich-text-0-x-wrapper vtex-rich-text-0-x-wrapper--tituloDisclosure"></div>
</div>
</div>
</div>
</div>
</div>
</div>
</div>
<div class="vtex-flex-layout-0-x-flexColChild vtex-flex-layout-0-x-flexColChild--right-col pb0">
<div class="vtex-disclosure-layout-1-x-trigger vtex-disclosure-layout-1-x-trigger--disclosurePdp vtex-disclosure-layout-1-x-trigger--hidden vtex-disclosure-layout-1-x-trigger--disclosurePdp--hidden" tabindex="0" role="button" aria-expanded="false" aria-controls="id-2a8tjg">
<div class="vtex-rich-text-0-x-container vtex-rich-text-0-x-container--tituloDisclosure flex tl items-start justify-start t-body c-on-base">
<div class="vtex-rich-text-0-x-wrapper vtex-rich-text-0-x-wrapper--tituloDisclosure"></div>
</div>
</div>
</div>

<ul>
<li>Lápices de Colores Acuarelables</li>
<li>12 Colores</li>
<li>Faber Castell</li>
</ul>
