{"id":2349,"date":"2022-10-18T08:51:34","date_gmt":"2022-10-18T08:51:34","guid":{"rendered":"https:\/\/klbtheme.com\/partdo\/?page_id=2349"},"modified":"2023-11-07T20:05:52","modified_gmt":"2023-11-07T20:05:52","slug":"nosotros","status":"publish","type":"page","link":"https:\/\/espacioescolar.cl\/es\/nosotros\/","title":{"rendered":"Nosotros"},"content":{"rendered":"\t\t<div data-elementor-type=\"wp-page\" data-elementor-id=\"2349\" class=\"elementor elementor-2349\">\n\t\t\t\t\t\t<section class=\"elementor-section elementor-top-section elementor-element elementor-element-be2ed4a elementor-section-full_width elementor-section-height-default elementor-section-height-default\" data-id=\"be2ed4a\" data-element_type=\"section\" data-e-type=\"section\">\n\t\t\t\t\t\t<div class=\"elementor-container elementor-column-gap-no\">\n\t\t\t\t\t<div class=\"elementor-column elementor-col-100 elementor-top-column elementor-element elementor-element-fdb95ef\" data-id=\"fdb95ef\" data-element_type=\"column\" data-e-type=\"column\">\n\t\t\t<div class=\"elementor-widget-wrap elementor-element-populated\">\n\t\t\t\t\t\t<div class=\"elementor-element elementor-element-af29231 elementor-widget elementor-widget-partdo-page-banner\" data-id=\"af29231\" data-element_type=\"widget\" data-e-type=\"widget\" data-widget_type=\"partdo-page-banner.default\">\n\t\t\t\t<div class=\"elementor-widget-container\">\n\t\t\t\t\t<div class=\"entry-page-header\"><div class=\"container\"><div class=\"page-header-content\"><h1 class=\"entry-title\">Nuestra historia<\/h1><div class=\"entry-description\"> <p>Espacio Escolar es la librer\u00eda que acompa\u00f1a tu formaci\u00f3n educacional a trav\u00e9s de art\u00edculos escolares.<\/p><\/div><\/div><\/div><div class=\"entry-image\"> <img decoding=\"async\" src=\"https:\/\/espacioescolar.cl\/wp-content\/uploads\/2023\/11\/nosotros-1.webp\"><\/div><\/div>\t\t\t\t<\/div>\n\t\t\t\t<\/div>\n\t\t\t\t\t<\/div>\n\t\t<\/div>\n\t\t\t\t\t<\/div>\n\t\t<\/section>\n\t\t\t\t<section class=\"elementor-section elementor-top-section elementor-element elementor-element-7b0e655 elementor-section-boxed elementor-section-height-default elementor-section-height-default\" data-id=\"7b0e655\" data-element_type=\"section\" data-e-type=\"section\">\n\t\t\t\t\t\t<div class=\"elementor-container elementor-column-gap-extended\">\n\t\t\t\t\t<div class=\"elementor-column elementor-col-100 elementor-top-column elementor-element elementor-element-6aaf18b white-box\" data-id=\"6aaf18b\" data-element_type=\"column\" data-e-type=\"column\">\n\t\t\t<div class=\"elementor-widget-wrap elementor-element-populated\">\n\t\t\t\t\t\t<div class=\"elementor-element elementor-element-b67e798 elementor-widget elementor-widget-heading\" data-id=\"b67e798\" data-element_type=\"widget\" data-e-type=\"widget\" data-widget_type=\"heading.default\">\n\t\t\t\t<div class=\"elementor-widget-container\">\n\t\t\t\t\t<p class=\"elementor-heading-title elementor-size-default\">Nuestros inicios se remontan en el a\u00f1o 1998, en un sector de la comuna de Puente Alto, donde exist\u00eda una demanda insatisfecha de \u00fatiles escolares de alta calidad a buen precio. Ve\u00edamos que los padres y estudiantes ten\u00edan que desplazarse largas distancias para encontrar los productos necesarios para el a\u00f1o escolar. Esta realidad nos hizo tomar medidas y emprender la idea de abastecer con \u00fatiles escolares el sector, abriendo el primer local llamado San Sebasti\u00e1n.<\/p>\t\t\t\t<\/div>\n\t\t\t\t<\/div>\n\t\t\t\t<div class=\"elementor-element elementor-element-ac66458 elementor-widget elementor-widget-heading\" data-id=\"ac66458\" data-element_type=\"widget\" data-e-type=\"widget\" data-widget_type=\"heading.default\">\n\t\t\t\t<div class=\"elementor-widget-container\">\n\t\t\t\t\t<p class=\"elementor-heading-title elementor-size-default\">A medida que los a\u00f1os pasaron, decidimos expandir el negocio con el nombre de Espacio Escolar, donde diversificamos nuestro inventario para incluir una gran variedad de art\u00edculos, material de arte, libros de lectura, manualidades, entre otros. Tambi\u00e9n comenzamos a colaborar con colegios locales, ofreciendo alianzas a centros de padres y apoderados, profesores y estudiantes, con el fin de que todos los ni\u00f1os puedan acceder a tener sus \u00fatiles escolares.<\/p>\t\t\t\t<\/div>\n\t\t\t\t<\/div>\n\t\t\t\t\t<\/div>\n\t\t<\/div>\n\t\t\t\t\t<\/div>\n\t\t<\/section>\n\t\t\t\t<section class=\"elementor-section elementor-top-section elementor-element elementor-element-61b43c6 elementor-section-boxed elementor-section-height-default elementor-section-height-default\" data-id=\"61b43c6\" data-element_type=\"section\" data-e-type=\"section\">\n\t\t\t\t\t\t<div class=\"elementor-container elementor-column-gap-extended\">\n\t\t\t\t\t<div class=\"elementor-column elementor-col-50 elementor-top-column elementor-element elementor-element-e3813fc\" data-id=\"e3813fc\" data-element_type=\"column\" data-e-type=\"column\">\n\t\t\t<div class=\"elementor-widget-wrap elementor-element-populated\">\n\t\t\t\t\t\t<div class=\"elementor-element elementor-element-49728fb elementor-widget elementor-widget-image\" data-id=\"49728fb\" data-element_type=\"widget\" data-e-type=\"widget\" data-widget_type=\"image.default\">\n\t\t\t\t<div class=\"elementor-widget-container\">\n\t\t\t\t\t\t\t\t\t\t\t\t\t\t\t<img decoding=\"async\" src=\"https:\/\/espacioescolar.cl\/wp-content\/uploads\/2023\/11\/nosotros-2.webp\" title=\"nosotros-2\" alt=\"nosotros-2\" loading=\"lazy\" \/>\t\t\t\t\t\t\t\t\t\t\t\t\t\t\t<\/div>\n\t\t\t\t<\/div>\n\t\t\t\t\t<\/div>\n\t\t<\/div>\n\t\t\t\t<div class=\"elementor-column elementor-col-50 elementor-top-column elementor-element elementor-element-916e7d2\" data-id=\"916e7d2\" data-element_type=\"column\" data-e-type=\"column\">\n\t\t\t<div class=\"elementor-widget-wrap elementor-element-populated\">\n\t\t\t\t\t\t<div class=\"elementor-element elementor-element-89c6f7b elementor-widget elementor-widget-image\" data-id=\"89c6f7b\" data-element_type=\"widget\" data-e-type=\"widget\" data-widget_type=\"image.default\">\n\t\t\t\t<div class=\"elementor-widget-container\">\n\t\t\t\t\t\t\t\t\t\t\t\t\t\t\t<img decoding=\"async\" src=\"https:\/\/espacioescolar.cl\/wp-content\/uploads\/2023\/11\/nosotros-3.webp\" title=\"nosotros-3\" alt=\"nosotros-3\" loading=\"lazy\" \/>\t\t\t\t\t\t\t\t\t\t\t\t\t\t\t<\/div>\n\t\t\t\t<\/div>\n\t\t\t\t\t<\/div>\n\t\t<\/div>\n\t\t\t\t\t<\/div>\n\t\t<\/section>\n\t\t\t\t<section class=\"elementor-section elementor-top-section elementor-element elementor-element-3cce8f6 elementor-section-boxed elementor-section-height-default elementor-section-height-default\" data-id=\"3cce8f6\" data-element_type=\"section\" data-e-type=\"section\">\n\t\t\t\t\t\t<div class=\"elementor-container elementor-column-gap-extended\">\n\t\t\t\t\t<div class=\"elementor-column elementor-col-50 elementor-top-column elementor-element elementor-element-0a11a22\" data-id=\"0a11a22\" data-element_type=\"column\" data-e-type=\"column\">\n\t\t\t<div class=\"elementor-widget-wrap elementor-element-populated\">\n\t\t\t\t\t\t<div class=\"elementor-element elementor-element-96ded2e elementor-widget elementor-widget-heading\" data-id=\"96ded2e\" data-element_type=\"widget\" data-e-type=\"widget\" data-widget_type=\"heading.default\">\n\t\t\t\t<div class=\"elementor-widget-container\">\n\t\t\t\t\t<span class=\"elementor-heading-title elementor-size-default\">01<\/span>\t\t\t\t<\/div>\n\t\t\t\t<\/div>\n\t\t\t\t\t<\/div>\n\t\t<\/div>\n\t\t\t\t<div class=\"elementor-column elementor-col-50 elementor-top-column elementor-element elementor-element-beecf78\" data-id=\"beecf78\" data-element_type=\"column\" data-e-type=\"column\">\n\t\t\t<div class=\"elementor-widget-wrap elementor-element-populated\">\n\t\t\t\t\t\t<div class=\"elementor-element elementor-element-9cac775 elementor-widget elementor-widget-heading\" data-id=\"9cac775\" data-element_type=\"widget\" data-e-type=\"widget\" data-widget_type=\"heading.default\">\n\t\t\t\t<div class=\"elementor-widget-container\">\n\t\t\t\t\t<span class=\"elementor-heading-title elementor-size-default\">Nos enorgullece ser parte de la formaci\u00f3n estudiantil.\n<\/span>\t\t\t\t<\/div>\n\t\t\t\t<\/div>\n\t\t\t\t<div class=\"elementor-element elementor-element-8a53186 elementor-widget elementor-widget-heading\" data-id=\"8a53186\" data-element_type=\"widget\" data-e-type=\"widget\" data-widget_type=\"heading.default\">\n\t\t\t\t<div class=\"elementor-widget-container\">\n\t\t\t\t\t<h2 class=\"elementor-heading-title elementor-size-default\">Espacio Escolar, la librer\u00eda de todos los tiempos.<\/h2>\t\t\t\t<\/div>\n\t\t\t\t<\/div>\n\t\t\t\t\t<\/div>\n\t\t<\/div>\n\t\t\t\t\t<\/div>\n\t\t<\/section>\n\t\t\t\t<section class=\"elementor-section elementor-top-section elementor-element elementor-element-a370f94 elementor-section-boxed elementor-section-height-default elementor-section-height-default\" data-id=\"a370f94\" data-element_type=\"section\" data-e-type=\"section\">\n\t\t\t\t\t\t<div class=\"elementor-container elementor-column-gap-extended\">\n\t\t\t\t\t<div class=\"elementor-column elementor-col-100 elementor-top-column elementor-element elementor-element-0d4cd62\" data-id=\"0d4cd62\" data-element_type=\"column\" data-e-type=\"column\">\n\t\t\t<div class=\"elementor-widget-wrap elementor-element-populated\">\n\t\t\t\t\t\t<div class=\"elementor-element elementor-element-5bebaad elementor-widget elementor-widget-heading\" data-id=\"5bebaad\" data-element_type=\"widget\" data-e-type=\"widget\" data-widget_type=\"heading.default\">\n\t\t\t\t<div class=\"elementor-widget-container\">\n\t\t\t\t\t<p class=\"elementor-heading-title elementor-size-default\">La historia de Espacio Escolar es un ejemplo de c\u00f3mo un peque\u00f1o negocio de barrio de \u00fatiles escolares, puede crecer con el tiempo a trav\u00e9s del esfuerzo, la dedicaci\u00f3n, el compromiso, la honestidad y la atenci\u00f3n a las necesidades de los clientes. <\/p>\t\t\t\t<\/div>\n\t\t\t\t<\/div>\n\t\t\t\t<div class=\"elementor-element elementor-element-33d7869 elementor-widget elementor-widget-heading\" data-id=\"33d7869\" data-element_type=\"widget\" data-e-type=\"widget\" data-widget_type=\"heading.default\">\n\t\t\t\t<div class=\"elementor-widget-container\">\n\t\t\t\t\t<p class=\"elementor-heading-title elementor-size-default\">Construimos una marca s\u00f3lida basada en el amor por la educaci\u00f3n, la formaci\u00f3n como persona y la satisfacci\u00f3n de las necesidades de la comunidad. Todos los sue\u00f1os se pueden realizar, m\u00e1s a\u00fan, si se trabajan desde la etapa pre-escolar. Con cari\u00f1o les saluda Victor, Francisco, Michelle, Carolina y Luis.<\/p>\t\t\t\t<\/div>\n\t\t\t\t<\/div>\n\t\t\t\t\t<\/div>\n\t\t<\/div>\n\t\t\t\t\t<\/div>\n\t\t<\/section>\n\t\t\t\t<\/div>\n\t\t","protected":false},"excerpt":{"rendered":"<p>Nuestra historia Espacio Escolar es la librer\u00eda que acompa\u00f1a tu formaci\u00f3n educacional a trav\u00e9s de art\u00edculos escolares. Nuestros inicios se remontan en el a\u00f1o 1998, en un sector de la comuna de Puente Alto, donde exist\u00eda una demanda insatisfecha de \u00fatiles escolares de alta calidad a buen precio. Ve\u00edamos que los padres y estudiantes ten\u00edan<\/p>\n<div class=\"klb-readmore button\"><a class=\"btn link\" href=\"https:\/\/espacioescolar.cl\/es\/nosotros\/\">Read More <i class=\"klbth-icon-right-arrow\"><\/i><\/a><\/div>\n","protected":false},"author":1,"featured_media":0,"parent":0,"menu_order":0,"comment_status":"closed","ping_status":"closed","template":"","meta":{"footnotes":""},"class_list":["post-2349","page","type-page","status-publish","hentry"],"_links":{"self":[{"href":"https:\/\/espacioescolar.cl\/es\/wp-json\/wp\/v2\/pages\/2349","targetHints":{"allow":["GET"]}}],"collection":[{"href":"https:\/\/espacioescolar.cl\/es\/wp-json\/wp\/v2\/pages"}],"about":[{"href":"https:\/\/espacioescolar.cl\/es\/wp-json\/wp\/v2\/types\/page"}],"author":[{"embeddable":true,"href":"https:\/\/espacioescolar.cl\/es\/wp-json\/wp\/v2\/users\/1"}],"replies":[{"embeddable":true,"href":"https:\/\/espacioescolar.cl\/es\/wp-json\/wp\/v2\/comments?post=2349"}],"version-history":[{"count":65,"href":"https:\/\/espacioescolar.cl\/es\/wp-json\/wp\/v2\/pages\/2349\/revisions"}],"predecessor-version":[{"id":4626,"href":"https:\/\/espacioescolar.cl\/es\/wp-json\/wp\/v2\/pages\/2349\/revisions\/4626"}],"wp:attachment":[{"href":"https:\/\/espacioescolar.cl\/es\/wp-json\/wp\/v2\/media?parent=2349"}],"curies":[{"name":"wp","href":"https:\/\/api.w.org\/{rel}","templated":true}]}}

<div data-elementor-type="wp-page" data-elementor-id="2349" class="elementor elementor-2349">
						<section class="elementor-section elementor-top-section elementor-element elementor-element-be2ed4a elementor-section-full_width elementor-section-height-default elementor-section-height-default" data-id="be2ed4a" data-element_type="section" data-e-type="section">
						<div class="elementor-container elementor-column-gap-no">
					<div class="elementor-column elementor-col-100 elementor-top-column elementor-element elementor-element-fdb95ef" data-id="fdb95ef" data-element_type="column" data-e-type="column">
			<div class="elementor-widget-wrap elementor-element-populated">
						<div class="elementor-element elementor-element-af29231 elementor-widget elementor-widget-partdo-page-banner" data-id="af29231" data-element_type="widget" data-e-type="widget" data-widget_type="partdo-page-banner.default">
				<div class="elementor-widget-container">
					<div class="entry-page-header"><div class="container"><div class="page-header-content"><h1 class="entry-title">Nuestra historia</h1><div class="entry-description"> <p>Espacio Escolar es la librería que acompaña tu formación educacional a través de artículos escolares.</p></div></div></div><div class="entry-image"> <img decoding="async" src="https://espacioescolar.cl/wp-content/uploads/2023/11/nosotros-1.webp"></div></div>				</div>
				</div>
					</div>
		</div>
					</div>
		</section>
				<section class="elementor-section elementor-top-section elementor-element elementor-element-7b0e655 elementor-section-boxed elementor-section-height-default elementor-section-height-default" data-id="7b0e655" data-element_type="section" data-e-type="section">
						<div class="elementor-container elementor-column-gap-extended">
					<div class="elementor-column elementor-col-100 elementor-top-column elementor-element elementor-element-6aaf18b white-box" data-id="6aaf18b" data-element_type="column" data-e-type="column">
			<div class="elementor-widget-wrap elementor-element-populated">
						<div class="elementor-element elementor-element-b67e798 elementor-widget elementor-widget-heading" data-id="b67e798" data-element_type="widget" data-e-type="widget" data-widget_type="heading.default">
				<div class="elementor-widget-container">
					<p class="elementor-heading-title elementor-size-default">Nuestros inicios se remontan en el año 1998, en un sector de la comuna de Puente Alto, donde existía una demanda insatisfecha de útiles escolares de alta calidad a buen precio. Veíamos que los padres y estudiantes tenían que desplazarse largas distancias para encontrar los productos necesarios para el año escolar. Esta realidad nos hizo tomar medidas y emprender la idea de abastecer con útiles escolares el sector, abriendo el primer local llamado San Sebastián.</p>				</div>
				</div>
				<div class="elementor-element elementor-element-ac66458 elementor-widget elementor-widget-heading" data-id="ac66458" data-element_type="widget" data-e-type="widget" data-widget_type="heading.default">
				<div class="elementor-widget-container">
					<p class="elementor-heading-title elementor-size-default">A medida que los años pasaron, decidimos expandir el negocio con el nombre de Espacio Escolar, donde diversificamos nuestro inventario para incluir una gran variedad de artículos, material de arte, libros de lectura, manualidades, entre otros. También comenzamos a colaborar con colegios locales, ofreciendo alianzas a centros de padres y apoderados, profesores y estudiantes, con el fin de que todos los niños puedan acceder a tener sus útiles escolares.</p>				</div>
				</div>
					</div>
		</div>
					</div>
		</section>
				<section class="elementor-section elementor-top-section elementor-element elementor-element-61b43c6 elementor-section-boxed elementor-section-height-default elementor-section-height-default" data-id="61b43c6" data-element_type="section" data-e-type="section">
						<div class="elementor-container elementor-column-gap-extended">
					<div class="elementor-column elementor-col-50 elementor-top-column elementor-element elementor-element-e3813fc" data-id="e3813fc" data-element_type="column" data-e-type="column">
			<div class="elementor-widget-wrap elementor-element-populated">
						<div class="elementor-element elementor-element-49728fb elementor-widget elementor-widget-image" data-id="49728fb" data-element_type="widget" data-e-type="widget" data-widget_type="image.default">
				<div class="elementor-widget-container">
															<img decoding="async" src="https://espacioescolar.cl/wp-content/uploads/2023/11/nosotros-2.webp" title="nosotros-2" alt="nosotros-2" loading="lazy" />															</div>
				</div>
					</div>
		</div>
				<div class="elementor-column elementor-col-50 elementor-top-column elementor-element elementor-element-916e7d2" data-id="916e7d2" data-element_type="column" data-e-type="column">
			<div class="elementor-widget-wrap elementor-element-populated">
						<div class="elementor-element elementor-element-89c6f7b elementor-widget elementor-widget-image" data-id="89c6f7b" data-element_type="widget" data-e-type="widget" data-widget_type="image.default">
				<div class="elementor-widget-container">
															<img decoding="async" src="https://espacioescolar.cl/wp-content/uploads/2023/11/nosotros-3.webp" title="nosotros-3" alt="nosotros-3" loading="lazy" />															</div>
				</div>
					</div>
		</div>
					</div>
		</section>
				<section class="elementor-section elementor-top-section elementor-element elementor-element-3cce8f6 elementor-section-boxed elementor-section-height-default elementor-section-height-default" data-id="3cce8f6" data-element_type="section" data-e-type="section">
						<div class="elementor-container elementor-column-gap-extended">
					<div class="elementor-column elementor-col-50 elementor-top-column elementor-element elementor-element-0a11a22" data-id="0a11a22" data-element_type="column" data-e-type="column">
			<div class="elementor-widget-wrap elementor-element-populated">
						<div class="elementor-element elementor-element-96ded2e elementor-widget elementor-widget-heading" data-id="96ded2e" data-element_type="widget" data-e-type="widget" data-widget_type="heading.default">
				<div class="elementor-widget-container">
					<span class="elementor-heading-title elementor-size-default">01</span>				</div>
				</div>
					</div>
		</div>
				<div class="elementor-column elementor-col-50 elementor-top-column elementor-element elementor-element-beecf78" data-id="beecf78" data-element_type="column" data-e-type="column">
			<div class="elementor-widget-wrap elementor-element-populated">
						<div class="elementor-element elementor-element-9cac775 elementor-widget elementor-widget-heading" data-id="9cac775" data-element_type="widget" data-e-type="widget" data-widget_type="heading.default">
				<div class="elementor-widget-container">
					<span class="elementor-heading-title elementor-size-default">Nos enorgullece ser parte de la formación estudiantil.
</span>				</div>
				</div>
				<div class="elementor-element elementor-element-8a53186 elementor-widget elementor-widget-heading" data-id="8a53186" data-element_type="widget" data-e-type="widget" data-widget_type="heading.default">
				<div class="elementor-widget-container">
					<h2 class="elementor-heading-title elementor-size-default">Espacio Escolar, la librería de todos los tiempos.</h2>				</div>
				</div>
					</div>
		</div>
					</div>
		</section>
				<section class="elementor-section elementor-top-section elementor-element elementor-element-a370f94 elementor-section-boxed elementor-section-height-default elementor-section-height-default" data-id="a370f94" data-element_type="section" data-e-type="section">
						<div class="elementor-container elementor-column-gap-extended">
					<div class="elementor-column elementor-col-100 elementor-top-column elementor-element elementor-element-0d4cd62" data-id="0d4cd62" data-element_type="column" data-e-type="column">
			<div class="elementor-widget-wrap elementor-element-populated">
						<div class="elementor-element elementor-element-5bebaad elementor-widget elementor-widget-heading" data-id="5bebaad" data-element_type="widget" data-e-type="widget" data-widget_type="heading.default">
				<div class="elementor-widget-container">
					<p class="elementor-heading-title elementor-size-default">La historia de Espacio Escolar es un ejemplo de cómo un pequeño negocio de barrio de útiles escolares, puede crecer con el tiempo a través del esfuerzo, la dedicación, el compromiso, la honestidad y la atención a las necesidades de los clientes. </p>				</div>
				</div>
				<div class="elementor-element elementor-element-33d7869 elementor-widget elementor-widget-heading" data-id="33d7869" data-element_type="widget" data-e-type="widget" data-widget_type="heading.default">
				<div class="elementor-widget-container">
					<p class="elementor-heading-title elementor-size-default">Construimos una marca sólida basada en el amor por la educación, la formación como persona y la satisfacción de las necesidades de la comunidad. Todos los sueños se pueden realizar, más aún, si se trabajan desde la etapa pre-escolar. Con cariño les saluda Victor, Francisco, Michelle, Carolina y Luis.</p>				</div>
				</div>
					</div>
		</div>
					</div>
		</section>
				</div>

<p>Nuestra historia Espacio Escolar es la librería que acompaña tu formación educacional a través de artículos escolares. Nuestros inicios se remontan en el año 1998, en un sector de la comuna de Puente Alto, donde existía una demanda insatisfecha de útiles escolares de alta calidad a buen precio. Veíamos que los padres y estudiantes tenían</p>
<div class="klb-readmore button"><a class="btn link" href="https://espacioescolar.cl/es/nosotros/">Read More <i class="klbth-icon-right-arrow"></i></a></div>
